st common factor of 33635 and 2069033.
961
What is the greatest common divisor of 89336794 and 2644?
1322
Calculate the highest common factor of 13806 and 1228026.
354
Calculate the highest common factor of 8602200 and 3888.
1944
Calculate the greatest common factor of 555 and 334154955.
555
Calculate the highest common divisor of 90457215 and 85.
5
Calculate the greatest common divisor of 37000963 and 97587.
1549
What is the highest common divisor of 5645146 and 39?
13
What is the highest common divisor of 25349760 and 4480?
640
Calculate the greatest common factor of 78678791 and 2185.
437
Calculate the greatest common divisor of 6455 and 3527012.
1291
Calculate the greatest common factor of 71 and 629906817.
71
Calculate the greatest common divisor of 502897 and 292.
73
What is the highest common factor of 10556 and 8250892?
52
What is the highest common factor of 492 and 1635288?
12
What is the greatest common divisor of 3422984 and 96?
8
What is the highest common divisor of 927 and 34793709?
309
What is the highest common divisor of 123401608 and 88?
88
Calculate the greatest common factor of 34 and 92374.
2
What is the highest common factor of 82660735 and 57?
19
Calculate the greatest common divisor of 5156493 and 1186707.
2643
What is the highest common divisor of 1976 and 5933187?
247
Calculate the highest common factor of 182624392 and 3494.
3494
What is the greatest common divisor of 92713657 and 1175?
47
Calculate the highest common divisor of 27696653 and 15979.
841
Calculate the highest common factor of 3099876 and 130.
26
Calculate the highest common divisor of 80133651 and 26.
13
Calculate the highest common divisor of 852 and 386950.
142
Calculate the greatest common factor of 6622 and 223608.
154
What is the greatest common divisor of 104586325 and 75715?
3985
Calculate the greatest common divisor of 72 and 872968.
8
Calculate the highest common factor of 2224716 and 195.
39
Calculate the greatest common divisor of 1187737 and 2679.
47
Calculate the greatest common factor of 31906 and 772422.
742
What is the highest common factor of 33373340 and 91?
91
Calculate the greatest common divisor of 2500 and 3653680.
20
What is the highest common factor of 2362685 and 32335?
1115
What is the highest common divisor of 503790 and 16800?
210
Calculate the greatest common divisor of 76 and 495932.
4
Calculate the greatest common factor of 836797 and 19175.
767
Calculate the greatest common factor of 40128 and 25030752.
1824
Calculate the greatest common factor of 864 and 3122466.
6
What is the highest common factor of 36150 and 9183546?
1446
Calculate the highest common divisor of 27042080 and 23270.
130
What is the highest common factor of 4881879 and 13509?
171
What is the greatest common factor of 1885 and 53992055?
1885
Calculate the highest common factor of 27 and 19596654.
27
Calculate the greatest common factor of 8569520 and 240.
80
Calculate the greatest common factor of 254131784 and 8.
8
What is the greatest common divisor of 4340638 and 16654?
1514
Calculate the greatest common factor of 408 and 48170316.
204
Calculate the greatest common factor of 542 and 1618618502.
542
What is the greatest common divisor of 729866839 and 1157?
1157
Calculate the greatest common factor of 110103291 and 9.
9
What is the highest common factor of 932 and 621931522?
466
What is the greatest common factor of 21884018 and 1378?
1378
What is the greatest common divisor of 48 and 114291536?
16
Calculate the greatest common factor of 42770 and 154424140.
6110
What is the greatest common divisor of 4145128 and 7800?
104
What is the highest common divisor of 1775696 and 1118?
26
Calculate the greatest common factor of 8918 and 44564.
26
Calculate the highest common divisor of 150751377 and 1197.
1197
Calculate the greatest common divisor of 1540 and 1135068.
44
Calculate the highest common divisor of 4448 and 35217040.
2224
What is the greatest common divisor of 1102 and 171788576?
1102
What is the highest common divisor of 1116 and 1801080?
36
What is the highest common factor of 22142165 and 5?
5
Calculate the highest common factor of 5 and 9182905.
5
What is the greatest common divisor of 77742021 and 5784?
723
What is the highest common factor of 6987645 and 75?
15
Calculate the highest common factor of 145 and 10941655.
5
What is the greatest common divisor of 4648 and 1429876?
28
What is the greatest common divisor of 17480 and 1195?
5
Calculate the highest common divisor of 2485 and 403921.
7
What is the greatest common divisor of 1875 and 182200625?
625
What is the highest common factor of 250 and 4429325?
25
Calculate the highest common factor of 853 and 199314539.
853
What is the highest common divisor of 69159 and 2568?
3
What is the highest common factor of 5674 and 7394?
2
Calculate the greatest common divisor of 1809 and 65050233.
201
What is the greatest common divisor of 588835 and 80?
5
What is the greatest common divisor of 482951 and 791?
7
Calculate the highest common factor of 652634 and 10938.
3646
What is the highest common divisor of 7890955 and 7375?
295
What is the highest common divisor of 3000636799 and 1867?
1867
What is the highest common divisor of 503022 and 63102?
78
What is the highest common divisor of 15 and 11907870?
15
What is the highest common divisor of 219529536 and 50112?
5568
What is the highest common divisor of 88952691 and 2217?
2217
What is the greatest common divisor of 30925773 and 351?
27
What is the greatest common divisor of 141 and 383042151?
141
What is the greatest common factor of 221 and 26359801?
13
What is the greatest common factor of 506 and 4917377?
23
What is the highest common divisor of 502 and 142382762?
502
What is the greatest common factor of 2119323 and 33491?
313
What is the highest common divisor of 24937 and 920403?
11
What is the highest common factor of 4575 and 78432885?
915
What is the greatest common divisor of 46438589 and 1147?
1147
Calculate the highest common factor of 22451 and 288574.
143
Calculate the greatest common factor of 111 and 105770013.
111
Calculate the greatest common divisor of 2626 and 85619417.
1313
What is the highest common factor of 3817796 and 12179?
641
Calculate the greatest common factor of 88054 and 64.
2
What is the greatest common factor of 547236 and 63?
9
Calculate the highest common divisor of 165400210 and 30.
10
Calculate the greatest common factor of 12257 and 650754.
103
What is the highest common divisor of 30 and 544793745?
15
What is the highest common divisor of 93952 and 3160?
8
What is the highest common divisor of 20597 and 1604029?
43
What is the greatest common divisor of 281846175 and 9?
3
Calculate the greatest common factor of 1074 and 9076911.
537
What is the highest common divisor of 29105308 and 934?
934
What is the highest common divisor of 7569625 and 4715?
205
What is the highest common divisor of 2357784 and 5720?
1144
What is the greatest common divisor of 2772228 and 108?
12
What is the greatest common factor of 907035 and 85119?
51
What is the greatest common factor of 49728 and 564?
12
What is the greatest common divisor of 947874487 and 3214?
1607
What is the highest common factor of 24541 and 2376?
11
Calculate the highest common divisor of 300 and 66118752.
12
Calculate the greatest common divisor of 1364 and 924358.
62
Calculate the highest common divisor of 262 and 251691610.
262
Calculate the highest common divisor of 4 and 4864253.
1
What is the greatest common factor of 15835288 and 112?
56
What is the highest common factor of 26656916 and 52316?
1276
What is the greatest common divisor of 673750 and 74096?
22
Calculate the greatest common divisor of 2475124 and 15836.
428
Calculate the greatest common divisor of 22718661 and 798.
399
What is the greatest common factor of 3304 and 14362901?
413
What is the highest common divisor of 2997 and 88393?
37
What is the greatest common factor of 5497 and 451471?
239
Calculate the highest common factor of 2431906 and 3414.
1138
What is the highest common factor of 30132534 and 170?
34
What is the highest common factor of 5662807 and 1081?
23
What is the highest common factor of 720 and 9718576?
16
What is the highest common factor of 35449329 and 498608?
283